{"id":10354,"date":"2021-03-05T01:17:02","date_gmt":"2021-03-05T01:17:02","guid":{"rendered":"https:\/\/nexgen.codings.dev\/?page_id=10354"},"modified":"2024-02-07T19:28:37","modified_gmt":"2024-02-08T00:28:37","slug":"portfolio-3-columns","status":"publish","type":"page","link":"https:\/\/www.charisma.ws\/index.php\/portfolio-3-columns\/","title":{"rendered":"Our work"},"content":{"rendered":"\t\t<div data-elementor-type=\"wp-page\" data-elementor-id=\"10354\" class=\"elementor elementor-10354\">\n\t\t\t\t\t\t<section class=\"elementor-section elementor-top-section elementor-element elementor-element-bafd5b3 elementor-section-boxed elementor-section-height-default elementor-section-height-default\" data-id=\"bafd5b3\" data-element_type=\"section\" data-settings=\"{&quot;background_background&quot;:&quot;classic&quot;}\">\n\t\t\t\t\t\t<div class=\"elementor-container elementor-column-gap-no\">\n\t\t\t\t\t<div class=\"elementor-column elementor-col-100 elementor-top-column elementor-element elementor-element-b250759\" data-id=\"b250759\" data-element_type=\"column\">\n\t\t\t<div class=\"elementor-widget-wrap elementor-element-populated\">\n\t\t\t\t\t\t<div class=\"elementor-element elementor-element-be1671e elementor-widget elementor-widget-heading\" data-id=\"be1671e\" data-element_type=\"widget\" data-widget_type=\"heading.default\">\n\t\t\t\t<div class=\"elementor-widget-container\">\n\t\t\t\t\t<h2 class=\"elementor-heading-title elementor-size-default\">Websites<\/h2>\t\t\t\t<\/div>\n\t\t\t\t<\/div>\n\t\t\t\t\t<\/div>\n\t\t<\/div>\n\t\t\t\t\t<\/div>\n\t\t<\/section>\n\t\t\t\t<section class=\"elementor-section elementor-top-section elementor-element elementor-element-b012ed3 elementor-section-boxed elementor-section-height-default elementor-section-height-default\" data-id=\"b012ed3\" data-element_type=\"section\">\n\t\t\t\t\t\t<div class=\"elementor-container elementor-column-gap-default\">\n\t\t\t\t\t<div class=\"elementor-column elementor-col-100 elementor-top-column elementor-element elementor-element-9da6df7\" data-id=\"9da6df7\" data-element_type=\"column\">\n\t\t\t<div class=\"elementor-widget-wrap elementor-element-populated\">\n\t\t\t\t\t\t<section class=\"elementor-section elementor-inner-section elementor-element elementor-element-b6c3a91 elementor-section-boxed elementor-section-height-default elementor-section-height-default\" data-id=\"b6c3a91\" data-element_type=\"section\">\n\t\t\t\t\t\t<div class=\"elementor-container elementor-column-gap-default\">\n\t\t\t\t\t<div class=\"elementor-column elementor-col-50 elementor-inner-column elementor-element elementor-element-b4d2f04\" data-id=\"b4d2f04\" data-element_type=\"column\">\n\t\t\t<div class=\"elementor-widget-wrap elementor-element-populated\">\n\t\t\t\t\t\t<div class=\"elementor-element elementor-element-0bb586c elementor-widget elementor-widget-image\" data-id=\"0bb586c\" data-element_type=\"widget\" data-widget_type=\"image.default\">\n\t\t\t\t<div class=\"elementor-widget-container\">\n\t\t\t\t\t\t\t\t\t\t\t\t\t\t\t\t<a href=\"https:\/\/www.anthoswines.com\">\n\t\t\t\t\t\t\t<img fetchpriority=\"high\" decoding=\"async\" width=\"780\" height=\"590\" src=\"https:\/\/www.charisma.ws\/wp-content\/uploads\/2021\/09\/Screen-Shot-2021-09-08-at-9.51.06-PM-1024x775.png\" class=\"attachment-large size-large wp-image-15344\" alt=\"Anthos Wines\" srcset=\"https:\/\/www.charisma.ws\/wp-content\/uploads\/2021\/09\/Screen-Shot-2021-09-08-at-9.51.06-PM-1024x775.png 1024w, https:\/\/www.charisma.ws\/wp-content\/uploads\/2021\/09\/Screen-Shot-2021-09-08-at-9.51.06-PM-300x227.png 300w, https:\/\/www.charisma.ws\/wp-content\/uploads\/2021\/09\/Screen-Shot-2021-09-08-at-9.51.06-PM-768x581.png 768w, https:\/\/www.charisma.ws\/wp-content\/uploads\/2021\/09\/Screen-Shot-2021-09-08-at-9.51.06-PM.png 1446w\" sizes=\"(max-width: 780px) 100vw, 780px\" \/>\t\t\t\t\t\t\t\t<\/a>\n\t\t\t\t\t\t\t\t\t\t\t\t\t\t\t<\/div>\n\t\t\t\t<\/div>\n\t\t\t\t\t<\/div>\n\t\t<\/div>\n\t\t\t\t<div class=\"elementor-column elementor-col-50 elementor-inner-column elementor-element elementor-element-d07ed5a\" data-id=\"d07ed5a\" data-element_type=\"column\">\n\t\t\t<div class=\"elementor-widget-wrap elementor-element-populated\">\n\t\t\t\t\t\t<div class=\"elementor-element elementor-element-5a993f7 elementor-widget elementor-widget-image\" data-id=\"5a993f7\" data-element_type=\"widget\" data-widget_type=\"image.default\">\n\t\t\t\t<div class=\"elementor-widget-container\">\n\t\t\t\t\t\t\t\t\t\t\t\t\t\t\t\t<a href=\"https:\/\/preservedinteriors.com\">\n\t\t\t\t\t\t\t<img decoding=\"async\" width=\"780\" height=\"564\" src=\"https:\/\/www.charisma.ws\/wp-content\/uploads\/2021\/09\/Screen-Shot-2021-09-08-at-9.49.47-PM-1024x740.png\" class=\"attachment-large size-large wp-image-15341\" alt=\"\" srcset=\"https:\/\/www.charisma.ws\/wp-content\/uploads\/2021\/09\/Screen-Shot-2021-09-08-at-9.49.47-PM-1024x740.png 1024w, https:\/\/www.charisma.ws\/wp-content\/uploads\/2021\/09\/Screen-Shot-2021-09-08-at-9.49.47-PM-300x217.png 300w, https:\/\/www.charisma.ws\/wp-content\/uploads\/2021\/09\/Screen-Shot-2021-09-08-at-9.49.47-PM-768x555.png 768w, https:\/\/www.charisma.ws\/wp-content\/uploads\/2021\/09\/Screen-Shot-2021-09-08-at-9.49.47-PM-1536x1110.png 1536w, https:\/\/www.charisma.ws\/wp-content\/uploads\/2021\/09\/Screen-Shot-2021-09-08-at-9.49.47-PM.png 1694w\" sizes=\"(max-width: 780px) 100vw, 780px\" \/>\t\t\t\t\t\t\t\t<\/a>\n\t\t\t\t\t\t\t\t\t\t\t\t\t\t\t<\/div>\n\t\t\t\t<\/div>\n\t\t\t\t\t<\/div>\n\t\t<\/div>\n\t\t\t\t\t<\/div>\n\t\t<\/section>\n\t\t\t\t<section class=\"elementor-section elementor-inner-section elementor-element elementor-element-df3a252 elementor-section-boxed elementor-section-height-default elementor-section-height-default\" data-id=\"df3a252\" data-element_type=\"section\">\n\t\t\t\t\t\t<div class=\"elementor-container elementor-column-gap-default\">\n\t\t\t\t\t<div class=\"elementor-column elementor-col-50 elementor-inner-column elementor-element elementor-element-6901e6d\" data-id=\"6901e6d\" data-element_type=\"column\">\n\t\t\t<div class=\"elementor-widget-wrap elementor-element-populated\">\n\t\t\t\t\t\t<div class=\"elementor-element elementor-element-c2b261c elementor-widget elementor-widget-image\" data-id=\"c2b261c\" data-element_type=\"widget\" data-widget_type=\"image.default\">\n\t\t\t\t<div class=\"elementor-widget-container\">\n\t\t\t\t\t\t\t\t\t\t\t\t\t\t\t\t<a href=\"https:\/\/www.olivoverdecoaching.com\">\n\t\t\t\t\t\t\t<img decoding=\"async\" width=\"780\" height=\"533\" src=\"https:\/\/www.charisma.ws\/wp-content\/uploads\/2021\/09\/Screen-Shot-2021-09-08-at-9.52.27-PM-1024x700.png\" class=\"attachment-large size-large wp-image-15343\" alt=\"\" srcset=\"https:\/\/www.charisma.ws\/wp-content\/uploads\/2021\/09\/Screen-Shot-2021-09-08-at-9.52.27-PM-1024x700.png 1024w, https:\/\/www.charisma.ws\/wp-content\/uploads\/2021\/09\/Screen-Shot-2021-09-08-at-9.52.27-PM-300x205.png 300w, https:\/\/www.charisma.ws\/wp-content\/uploads\/2021\/09\/Screen-Shot-2021-09-08-at-9.52.27-PM-768x525.png 768w, https:\/\/www.charisma.ws\/wp-content\/uploads\/2021\/09\/Screen-Shot-2021-09-08-at-9.52.27-PM-1536x1050.png 1536w, https:\/\/www.charisma.ws\/wp-content\/uploads\/2021\/09\/Screen-Shot-2021-09-08-at-9.52.27-PM.png 1966w\" sizes=\"(max-width: 780px) 100vw, 780px\" \/>\t\t\t\t\t\t\t\t<\/a>\n\t\t\t\t\t\t\t\t\t\t\t\t\t\t\t<\/div>\n\t\t\t\t<\/div>\n\t\t\t\t<div class=\"elementor-element elementor-element-3c93b03 elementor-widget elementor-widget-text-editor\" data-id=\"3c93b03\" data-element_type=\"widget\" data-widget_type=\"text-editor.default\">\n\t\t\t\t<div class=\"elementor-widget-container\">\n\t\t\t\t\t\t\t\t\t<p>Whether you are preparing for or have had <a href=\"https:\/\/olivoverdecoaching.com\">weight loss surgery in Florida\u00a0dietitian<\/a> Our mission is to empower you through practical, expert nutrition coaching. We offer encouragement as you move towards true HOPE and lasting PEACE with your body!<\/p>\t\t\t\t\t\t\t\t<\/div>\n\t\t\t\t<\/div>\n\t\t\t\t\t<\/div>\n\t\t<\/div>\n\t\t\t\t<div class=\"elementor-column elementor-col-50 elementor-inner-column elementor-element elementor-element-8306e88\" data-id=\"8306e88\" data-element_type=\"column\">\n\t\t\t<div class=\"elementor-widget-wrap elementor-element-populated\">\n\t\t\t\t\t\t<div class=\"elementor-element elementor-element-f59d2e7 elementor-widget elementor-widget-image\" data-id=\"f59d2e7\" data-element_type=\"widget\" data-widget_type=\"image.default\">\n\t\t\t\t<div class=\"elementor-widget-container\">\n\t\t\t\t\t\t\t\t\t\t\t\t\t\t\t\t<a href=\"https:\/\/www.espacecoupons.com\">\n\t\t\t\t\t\t\t<img loading=\"lazy\" decoding=\"async\" width=\"780\" height=\"635\" src=\"https:\/\/www.charisma.ws\/wp-content\/uploads\/2021\/09\/Screen-Shot-2021-09-08-at-9.50.39-PM-e1631369337525-1024x833.png\" class=\"attachment-large size-large wp-image-15342\" alt=\"voir les coupons rabais\" srcset=\"https:\/\/www.charisma.ws\/wp-content\/uploads\/2021\/09\/Screen-Shot-2021-09-08-at-9.50.39-PM-e1631369337525-1024x833.png 1024w, https:\/\/www.charisma.ws\/wp-content\/uploads\/2021\/09\/Screen-Shot-2021-09-08-at-9.50.39-PM-e1631369337525-300x244.png 300w, https:\/\/www.charisma.ws\/wp-content\/uploads\/2021\/09\/Screen-Shot-2021-09-08-at-9.50.39-PM-e1631369337525-768x625.png 768w, https:\/\/www.charisma.ws\/wp-content\/uploads\/2021\/09\/Screen-Shot-2021-09-08-at-9.50.39-PM-e1631369337525.png 1328w\" sizes=\"(max-width: 780px) 100vw, 780px\" \/>\t\t\t\t\t\t\t\t<\/a>\n\t\t\t\t\t\t\t\t\t\t\t\t\t\t\t<\/div>\n\t\t\t\t<\/div>\n\t\t\t\t<div class=\"elementor-element elementor-element-edbb410 elementor-widget elementor-widget-text-editor\" data-id=\"edbb410\" data-element_type=\"widget\" data-widget_type=\"text-editor.default\">\n\t\t\t\t<div class=\"elementor-widget-container\">\n\t\t\t\t\t\t\t\t\t<p>Espace <b>Coupons<\/b> est un site internet o\u00f9 vous trouverez plusieurs nouveaux coupon \u00e0 tous les jours ! Nous patrouillons le web pour vous faire \u00e9conomiser. <a href=\"https:\/\/www.espacecoupons.com\">Coupons rabais<\/a> au Qu\u00e9bec, \u00c9chantillons Gratuits, Vente Entrep\u00f4t, Concours.<\/p>\t\t\t\t\t\t\t\t<\/div>\n\t\t\t\t<\/div>\n\t\t\t\t\t<\/div>\n\t\t<\/div>\n\t\t\t\t\t<\/div>\n\t\t<\/section>\n\t\t\t\t<section class=\"elementor-section elementor-inner-section elementor-element elementor-element-9390254 elementor-section-boxed elementor-section-height-default elementor-section-height-default\" data-id=\"9390254\" data-element_type=\"section\">\n\t\t\t\t\t\t<div class=\"elementor-container elementor-column-gap-default\">\n\t\t\t\t\t<div class=\"elementor-column elementor-col-50 elementor-inner-column elementor-element elementor-element-1e32c2f\" data-id=\"1e32c2f\" data-element_type=\"column\">\n\t\t\t<div class=\"elementor-widget-wrap elementor-element-populated\">\n\t\t\t\t\t\t<div class=\"elementor-element elementor-element-6e5b858 elementor-widget elementor-widget-image\" data-id=\"6e5b858\" data-element_type=\"widget\" data-widget_type=\"image.default\">\n\t\t\t\t<div class=\"elementor-widget-container\">\n\t\t\t\t\t\t\t\t\t\t\t\t\t\t\t\t<a href=\"https:\/\/www.cliniclabexpress.com\">\n\t\t\t\t\t\t\t<img loading=\"lazy\" decoding=\"async\" width=\"780\" height=\"540\" src=\"https:\/\/www.charisma.ws\/wp-content\/uploads\/2021\/09\/Screen-Shot-2021-09-08-at-9.48.40-PM-1-1024x709.png\" class=\"attachment-large size-large wp-image-15337\" alt=\"\" srcset=\"https:\/\/www.charisma.ws\/wp-content\/uploads\/2021\/09\/Screen-Shot-2021-09-08-at-9.48.40-PM-1-1024x709.png 1024w, https:\/\/www.charisma.ws\/wp-content\/uploads\/2021\/09\/Screen-Shot-2021-09-08-at-9.48.40-PM-1-300x208.png 300w, https:\/\/www.charisma.ws\/wp-content\/uploads\/2021\/09\/Screen-Shot-2021-09-08-at-9.48.40-PM-1-768x531.png 768w, https:\/\/www.charisma.ws\/wp-content\/uploads\/2021\/09\/Screen-Shot-2021-09-08-at-9.48.40-PM-1-1536x1063.png 1536w, https:\/\/www.charisma.ws\/wp-content\/uploads\/2021\/09\/Screen-Shot-2021-09-08-at-9.48.40-PM-1.png 1838w\" sizes=\"(max-width: 780px) 100vw, 780px\" \/>\t\t\t\t\t\t\t\t<\/a>\n\t\t\t\t\t\t\t\t\t\t\t\t\t\t\t<\/div>\n\t\t\t\t<\/div>\n\t\t\t\t\t<\/div>\n\t\t<\/div>\n\t\t\t\t<div class=\"elementor-column elementor-col-50 elementor-inner-column elementor-element elementor-element-e892b12\" data-id=\"e892b12\" data-element_type=\"column\">\n\t\t\t<div class=\"elementor-widget-wrap elementor-element-populated\">\n\t\t\t\t\t\t<div class=\"elementor-element elementor-element-2bf1688 elementor-widget elementor-widget-image\" data-id=\"2bf1688\" data-element_type=\"widget\" data-widget_type=\"image.default\">\n\t\t\t\t<div class=\"elementor-widget-container\">\n\t\t\t\t\t\t\t\t\t\t\t\t\t\t\t\t<a href=\"https:\/\/www.groupemiron.com\">\n\t\t\t\t\t\t\t<img loading=\"lazy\" decoding=\"async\" width=\"780\" height=\"426\" src=\"https:\/\/www.charisma.ws\/wp-content\/uploads\/2021\/09\/Screen-Shot-2021-09-08-at-9.57.58-PM-1024x559.png\" class=\"attachment-large size-large wp-image-15349\" alt=\"\" srcset=\"https:\/\/www.charisma.ws\/wp-content\/uploads\/2021\/09\/Screen-Shot-2021-09-08-at-9.57.58-PM-1024x559.png 1024w, https:\/\/www.charisma.ws\/wp-content\/uploads\/2021\/09\/Screen-Shot-2021-09-08-at-9.57.58-PM-300x164.png 300w, https:\/\/www.charisma.ws\/wp-content\/uploads\/2021\/09\/Screen-Shot-2021-09-08-at-9.57.58-PM-768x419.png 768w, https:\/\/www.charisma.ws\/wp-content\/uploads\/2021\/09\/Screen-Shot-2021-09-08-at-9.57.58-PM-1536x838.png 1536w, https:\/\/www.charisma.ws\/wp-content\/uploads\/2021\/09\/Screen-Shot-2021-09-08-at-9.57.58-PM.png 1968w\" sizes=\"(max-width: 780px) 100vw, 780px\" \/>\t\t\t\t\t\t\t\t<\/a>\n\t\t\t\t\t\t\t\t\t\t\t\t\t\t\t<\/div>\n\t\t\t\t<\/div>\n\t\t\t\t\t<\/div>\n\t\t<\/div>\n\t\t\t\t\t<\/div>\n\t\t<\/section>\n\t\t\t\t<section class=\"elementor-section elementor-inner-section elementor-element elementor-element-4b1c2f2 elementor-section-boxed elementor-section-height-default elementor-section-height-default\" data-id=\"4b1c2f2\" data-element_type=\"section\">\n\t\t\t\t\t\t<div class=\"elementor-container elementor-column-gap-default\">\n\t\t\t\t\t<div class=\"elementor-column elementor-col-50 elementor-inner-column elementor-element elementor-element-588d262\" data-id=\"588d262\" data-element_type=\"column\">\n\t\t\t<div class=\"elementor-widget-wrap elementor-element-populated\">\n\t\t\t\t\t\t<div class=\"elementor-element elementor-element-e156a5e elementor-widget elementor-widget-image\" data-id=\"e156a5e\" data-element_type=\"widget\" data-widget_type=\"image.default\">\n\t\t\t\t<div class=\"elementor-widget-container\">\n\t\t\t\t\t\t\t\t\t\t\t\t\t\t\t\t<a href=\"https:\/\/www.groupebauhaus.com\">\n\t\t\t\t\t\t\t<img loading=\"lazy\" decoding=\"async\" width=\"780\" height=\"424\" src=\"https:\/\/www.charisma.ws\/wp-content\/uploads\/2021\/09\/Screen-Shot-2021-09-08-at-9.59.59-PM-1024x557.png\" class=\"attachment-large size-large wp-image-15348\" alt=\"\" srcset=\"https:\/\/www.charisma.ws\/wp-content\/uploads\/2021\/09\/Screen-Shot-2021-09-08-at-9.59.59-PM-1024x557.png 1024w, https:\/\/www.charisma.ws\/wp-content\/uploads\/2021\/09\/Screen-Shot-2021-09-08-at-9.59.59-PM-300x163.png 300w, https:\/\/www.charisma.ws\/wp-content\/uploads\/2021\/09\/Screen-Shot-2021-09-08-at-9.59.59-PM-768x418.png 768w, https:\/\/www.charisma.ws\/wp-content\/uploads\/2021\/09\/Screen-Shot-2021-09-08-at-9.59.59-PM-1536x836.png 1536w, https:\/\/www.charisma.ws\/wp-content\/uploads\/2021\/09\/Screen-Shot-2021-09-08-at-9.59.59-PM-2048x1114.png 2048w\" sizes=\"(max-width: 780px) 100vw, 780px\" \/>\t\t\t\t\t\t\t\t<\/a>\n\t\t\t\t\t\t\t\t\t\t\t\t\t\t\t<\/div>\n\t\t\t\t<\/div>\n\t\t\t\t\t<\/div>\n\t\t<\/div>\n\t\t\t\t<div class=\"elementor-column elementor-col-50 elementor-inner-column elementor-element elementor-element-2d1fcfd\" data-id=\"2d1fcfd\" data-element_type=\"column\">\n\t\t\t<div class=\"elementor-widget-wrap elementor-element-populated\">\n\t\t\t\t\t\t<div class=\"elementor-element elementor-element-895eb92 elementor-widget elementor-widget-image\" data-id=\"895eb92\" data-element_type=\"widget\" data-widget_type=\"image.default\">\n\t\t\t\t<div class=\"elementor-widget-container\">\n\t\t\t\t\t\t\t\t\t\t\t\t\t\t\t\t<a href=\"https:\/\/www.marcheatlantis.com\">\n\t\t\t\t\t\t\t<img loading=\"lazy\" decoding=\"async\" width=\"780\" height=\"434\" src=\"https:\/\/www.charisma.ws\/wp-content\/uploads\/2021\/09\/Screen-Shot-2021-09-10-at-7.56.51-AM-1024x570.png\" class=\"attachment-large size-large wp-image-15392\" alt=\"\" srcset=\"https:\/\/www.charisma.ws\/wp-content\/uploads\/2021\/09\/Screen-Shot-2021-09-10-at-7.56.51-AM-1024x570.png 1024w, https:\/\/www.charisma.ws\/wp-content\/uploads\/2021\/09\/Screen-Shot-2021-09-10-at-7.56.51-AM-300x167.png 300w, https:\/\/www.charisma.ws\/wp-content\/uploads\/2021\/09\/Screen-Shot-2021-09-10-at-7.56.51-AM-768x427.png 768w, https:\/\/www.charisma.ws\/wp-content\/uploads\/2021\/09\/Screen-Shot-2021-09-10-at-7.56.51-AM-1536x855.png 1536w, https:\/\/www.charisma.ws\/wp-content\/uploads\/2021\/09\/Screen-Shot-2021-09-10-at-7.56.51-AM-2048x1140.png 2048w\" sizes=\"(max-width: 780px) 100vw, 780px\" \/>\t\t\t\t\t\t\t\t<\/a>\n\t\t\t\t\t\t\t\t\t\t\t\t\t\t\t<\/div>\n\t\t\t\t<\/div>\n\t\t\t\t\t<\/div>\n\t\t<\/div>\n\t\t\t\t\t<\/div>\n\t\t<\/section>\n\t\t\t\t\t<\/div>\n\t\t<\/div>\n\t\t\t\t\t<\/div>\n\t\t<\/section>\n\t\t\t\t<section class=\"elementor-section elementor-top-section elementor-element elementor-element-27d3b6b elementor-section-boxed elementor-section-height-default elementor-section-height-default\" data-id=\"27d3b6b\" data-element_type=\"section\" data-settings=\"{&quot;background_background&quot;:&quot;classic&quot;}\">\n\t\t\t\t\t\t<div class=\"elementor-container elementor-column-gap-no\">\n\t\t\t\t\t<div class=\"elementor-column elementor-col-100 elementor-top-column elementor-element elementor-element-bef0032\" data-id=\"bef0032\" data-element_type=\"column\">\n\t\t\t<div class=\"elementor-widget-wrap elementor-element-populated\">\n\t\t\t\t\t\t<div class=\"elementor-element elementor-element-35b4fd5 elementor-widget elementor-widget-heading\" data-id=\"35b4fd5\" data-element_type=\"widget\" data-widget_type=\"heading.default\">\n\t\t\t\t<div class=\"elementor-widget-container\">\n\t\t\t\t\t<h2 class=\"elementor-heading-title elementor-size-default\">Logos<\/h2>\t\t\t\t<\/div>\n\t\t\t\t<\/div>\n\t\t\t\t\t<\/div>\n\t\t<\/div>\n\t\t\t\t\t<\/div>\n\t\t<\/section>\n\t\t\t\t<section class=\"elementor-section elementor-top-section elementor-element elementor-element-788f631 elementor-section-boxed elementor-section-height-default elementor-section-height-default\" data-id=\"788f631\" data-element_type=\"section\">\n\t\t\t\t\t\t<div class=\"elementor-container elementor-column-gap-default\">\n\t\t\t\t\t<div class=\"elementor-column elementor-col-100 elementor-top-column elementor-element elementor-element-46b8a48\" data-id=\"46b8a48\" data-element_type=\"column\">\n\t\t\t<div class=\"elementor-widget-wrap\">\n\t\t\t\t\t\t\t<\/div>\n\t\t<\/div>\n\t\t\t\t\t<\/div>\n\t\t<\/section>\n\t\t\t\t<section class=\"elementor-section elementor-top-section elementor-element elementor-element-9ae62ee elementor-section-boxed elementor-section-height-default elementor-section-height-default\" data-id=\"9ae62ee\" data-element_type=\"section\">\n\t\t\t\t\t\t<div class=\"elementor-container elementor-column-gap-default\">\n\t\t\t\t\t<div class=\"elementor-column elementor-col-100 elementor-top-column elementor-element elementor-element-1d160de\" data-id=\"1d160de\" data-element_type=\"column\">\n\t\t\t<div class=\"elementor-widget-wrap elementor-element-populated\">\n\t\t\t\t\t\t<div class=\"elementor-element elementor-element-c1bf1c8 elementor-widget elementor-widget-nxg-image-gallery\" data-id=\"c1bf1c8\" data-element_type=\"widget\" data-widget_type=\"nxg-image-gallery.default\">\n\t\t\t\t<div class=\"elementor-widget-container\">\n\t\t\t\t\t\n\t\t<div class=\"nxg-gallery gallery row justify-content-center items\">\n\n\t\t\t\n\t\t\t\t<a href=\"https:\/\/www.charisma.ws\/wp-content\/uploads\/2021\/09\/Screen-Shot-2021-09-10-at-7.05.17-AM.png\" class=\"item col-12 col-sm-6 col-md-6 col-lg-4\">\n\t\t\t\t\t<img decoding=\"async\" src=\"https:\/\/www.charisma.ws\/wp-content\/uploads\/2021\/09\/Screen-Shot-2021-09-10-at-7.05.17-AM.png\" alt=\"\" class=\"image\">\n\t\t\t\t<\/a>\n\n\t\t\t\n\t\t\t\t<a href=\"https:\/\/www.charisma.ws\/wp-content\/uploads\/2021\/09\/Screen-Shot-2021-09-10-at-7.16.18-AM.png\" class=\"item col-12 col-sm-6 col-md-6 col-lg-4\">\n\t\t\t\t\t<img decoding=\"async\" src=\"https:\/\/www.charisma.ws\/wp-content\/uploads\/2021\/09\/Screen-Shot-2021-09-10-at-7.16.18-AM.png\" alt=\"\" class=\"image\">\n\t\t\t\t<\/a>\n\n\t\t\t\n\t\t\t\t<a href=\"https:\/\/www.charisma.ws\/wp-content\/uploads\/2021\/09\/f835acf7f75d8baf4b37b10453b7a99d-e1631274205175.jpg\" class=\"item col-12 col-sm-6 col-md-6 col-lg-4\">\n\t\t\t\t\t<img decoding=\"async\" src=\"https:\/\/www.charisma.ws\/wp-content\/uploads\/2021\/09\/f835acf7f75d8baf4b37b10453b7a99d-e1631274205175.jpg\" alt=\"\" class=\"image\">\n\t\t\t\t<\/a>\n\n\t\t\t\n\t\t\t\t<a href=\"https:\/\/www.charisma.ws\/wp-content\/uploads\/2021\/09\/Screen-Shot-2021-09-10-at-7.17.40-AM.png\" class=\"item col-12 col-sm-6 col-md-6 col-lg-4\">\n\t\t\t\t\t<img decoding=\"async\" src=\"https:\/\/www.charisma.ws\/wp-content\/uploads\/2021\/09\/Screen-Shot-2021-09-10-at-7.17.40-AM.png\" alt=\"\" class=\"image\">\n\t\t\t\t<\/a>\n\n\t\t\t\n\t\t\t\t<a href=\"https:\/\/www.charisma.ws\/wp-content\/uploads\/2021\/09\/f42ddbe0e8060be31b888f2f3736ed40.jpg\" class=\"item col-12 col-sm-6 col-md-6 col-lg-4\">\n\t\t\t\t\t<img decoding=\"async\" src=\"https:\/\/www.charisma.ws\/wp-content\/uploads\/2021\/09\/f42ddbe0e8060be31b888f2f3736ed40.jpg\" alt=\"\" class=\"image\">\n\t\t\t\t<\/a>\n\n\t\t\t\n\t\t\t\t<a href=\"https:\/\/www.charisma.ws\/wp-content\/uploads\/2021\/09\/936e356a08f997895a210d12de2f79b0.jpg\" class=\"item col-12 col-sm-6 col-md-6 col-lg-4\">\n\t\t\t\t\t<img decoding=\"async\" src=\"https:\/\/www.charisma.ws\/wp-content\/uploads\/2021\/09\/936e356a08f997895a210d12de2f79b0.jpg\" alt=\"\" class=\"image\">\n\t\t\t\t<\/a>\n\n\t\t\t\n\t\t\t\t<a href=\"https:\/\/www.charisma.ws\/wp-content\/uploads\/2021\/09\/b-dazzled.gif\" class=\"item col-12 col-sm-6 col-md-6 col-lg-4\">\n\t\t\t\t\t<img decoding=\"async\" src=\"https:\/\/www.charisma.ws\/wp-content\/uploads\/2021\/09\/b-dazzled.gif\" alt=\"\" class=\"image\">\n\t\t\t\t<\/a>\n\n\t\t\t\n\t\t\t\t<a href=\"https:\/\/www.charisma.ws\/wp-content\/uploads\/2021\/09\/logo.png\" class=\"item col-12 col-sm-6 col-md-6 col-lg-4\">\n\t\t\t\t\t<img decoding=\"async\" src=\"https:\/\/www.charisma.ws\/wp-content\/uploads\/2021\/09\/logo.png\" alt=\"\" class=\"image\">\n\t\t\t\t<\/a>\n\n\t\t\t\n\t\t\t\t<a href=\"https:\/\/www.charisma.ws\/wp-content\/uploads\/2021\/09\/peinture-bauhaus-logo-hor.png\" class=\"item col-12 col-sm-6 col-md-6 col-lg-4\">\n\t\t\t\t\t<img decoding=\"async\" src=\"https:\/\/www.charisma.ws\/wp-content\/uploads\/2021\/09\/peinture-bauhaus-logo-hor.png\" alt=\"\" class=\"image\">\n\t\t\t\t<\/a>\n\n\t\t\t\n\t\t\t\t<a href=\"https:\/\/www.charisma.ws\/wp-content\/uploads\/2024\/02\/CEI-logo.jpg\" class=\"item col-12 col-sm-6 col-md-6 col-lg-4\">\n\t\t\t\t\t<img decoding=\"async\" src=\"https:\/\/www.charisma.ws\/wp-content\/uploads\/2024\/02\/CEI-logo.jpg\" alt=\"\" class=\"image\">\n\t\t\t\t<\/a>\n\n\t\t\t\n\t\t\t\t<a href=\"https:\/\/www.charisma.ws\/wp-content\/uploads\/2024\/02\/cfi-investments.jpg\" class=\"item col-12 col-sm-6 col-md-6 col-lg-4\">\n\t\t\t\t\t<img decoding=\"async\" src=\"https:\/\/www.charisma.ws\/wp-content\/uploads\/2024\/02\/cfi-investments.jpg\" alt=\"\" class=\"image\">\n\t\t\t\t<\/a>\n\n\t\t\t\n\t\t\t\t<a href=\"https:\/\/www.charisma.ws\/wp-content\/uploads\/2024\/02\/gm-logo.jpg\" class=\"item col-12 col-sm-6 col-md-6 col-lg-4\">\n\t\t\t\t\t<img decoding=\"async\" src=\"https:\/\/www.charisma.ws\/wp-content\/uploads\/2024\/02\/gm-logo.jpg\" alt=\"\" class=\"image\">\n\t\t\t\t<\/a>\n\n\t\t\t\n\t\t\t\t<a href=\"https:\/\/www.charisma.ws\/wp-content\/uploads\/2024\/02\/plomberie-logo-eau.jpg\" class=\"item col-12 col-sm-6 col-md-6 col-lg-4\">\n\t\t\t\t\t<img decoding=\"async\" src=\"https:\/\/www.charisma.ws\/wp-content\/uploads\/2024\/02\/plomberie-logo-eau.jpg\" alt=\"\" class=\"image\">\n\t\t\t\t<\/a>\n\n\t\t\t\n\t\t\t\t<a href=\"https:\/\/www.charisma.ws\/wp-content\/uploads\/2024\/02\/proma.jpg\" class=\"item col-12 col-sm-6 col-md-6 col-lg-4\">\n\t\t\t\t\t<img decoding=\"async\" src=\"https:\/\/www.charisma.ws\/wp-content\/uploads\/2024\/02\/proma.jpg\" alt=\"\" class=\"image\">\n\t\t\t\t<\/a>\n\n\t\t\t\n\t\t\t\t<a href=\"https:\/\/www.charisma.ws\/wp-content\/uploads\/2021\/09\/5c63bd032e050d700c27e53fbe33a592.jpg\" class=\"item col-12 col-sm-6 col-md-6 col-lg-4\">\n\t\t\t\t\t<img decoding=\"async\" src=\"https:\/\/www.charisma.ws\/wp-content\/uploads\/2021\/09\/5c63bd032e050d700c27e53fbe33a592.jpg\" alt=\"\" class=\"image\">\n\t\t\t\t<\/a>\n\n\t\t\t\n\t\t\t\t<a href=\"https:\/\/www.charisma.ws\/wp-content\/uploads\/2021\/09\/0a2c3b1fff5c2bad93e39c7d15d9deaa.jpg\" class=\"item col-12 col-sm-6 col-md-6 col-lg-4\">\n\t\t\t\t\t<img decoding=\"async\" src=\"https:\/\/www.charisma.ws\/wp-content\/uploads\/2021\/09\/0a2c3b1fff5c2bad93e39c7d15d9deaa.jpg\" alt=\"\" class=\"image\">\n\t\t\t\t<\/a>\n\n\t\t\t\n\t\t\t\t<a href=\"https:\/\/www.charisma.ws\/wp-content\/uploads\/2021\/09\/Picture1.png\" class=\"item col-12 col-sm-6 col-md-6 col-lg-4\">\n\t\t\t\t\t<img decoding=\"async\" src=\"https:\/\/www.charisma.ws\/wp-content\/uploads\/2021\/09\/Picture1.png\" alt=\"\" class=\"image\">\n\t\t\t\t<\/a>\n\n\t\t\t\n\t\t<\/div> \n\n\t\t\t\t\t<\/div>\n\t\t\t\t<\/div>\n\t\t\t\t\t<\/div>\n\t\t<\/div>\n\t\t\t\t\t<\/div>\n\t\t<\/section>\n\t\t\t\t<\/div>\n\t\t","protected":false},"excerpt":{"rendered":"<p>Websites Whether you are preparing for or have had weight loss surgery in Florida\u00a0dietitian Our mission is to empower you&#8230;<\/p>\n","protected":false},"author":1,"featured_media":9858,"parent":0,"menu_order":0,"comment_status":"closed","ping_status":"closed","template":"","meta":{"_acf_changed":false,"footnotes":""},"class_list":["post-10354","page","type-page","status-publish","has-post-thumbnail","hentry"],"acf":[],"_links":{"self":[{"href":"https:\/\/www.charisma.ws\/index.php\/wp-json\/wp\/v2\/pages\/10354","targetHints":{"allow":["GET"]}}],"collection":[{"href":"https:\/\/www.charisma.ws\/index.php\/wp-json\/wp\/v2\/pages"}],"about":[{"href":"https:\/\/www.charisma.ws\/index.php\/wp-json\/wp\/v2\/types\/page"}],"author":[{"embeddable":true,"href":"https:\/\/www.charisma.ws\/index.php\/wp-json\/wp\/v2\/users\/1"}],"replies":[{"embeddable":true,"href":"https:\/\/www.charisma.ws\/index.php\/wp-json\/wp\/v2\/comments?post=10354"}],"version-history":[{"count":79,"href":"https:\/\/www.charisma.ws\/index.php\/wp-json\/wp\/v2\/pages\/10354\/revisions"}],"predecessor-version":[{"id":15589,"href":"https:\/\/www.charisma.ws\/index.php\/wp-json\/wp\/v2\/pages\/10354\/revisions\/15589"}],"wp:featuredmedia":[{"embeddable":true,"href":"https:\/\/www.charisma.ws\/index.php\/wp-json\/wp\/v2\/media\/9858"}],"wp:attachment":[{"href":"https:\/\/www.charisma.ws\/index.php\/wp-json\/wp\/v2\/media?parent=10354"}],"curies":[{"name":"wp","href":"https:\/\/api.w.org\/{rel}","templated":true}]}}